late c(z).
6
Let n(m) = m**2 - 2*m - 3. Let h be ((-1 - -3) + -10)/1. Let w be (6/h)/(12/(-48)). Calculate n(w).
0
Let g(n) = -n**2 + 3. Let v(o) = o**2 - o + 1. Let p(q) = q**2 - 3*q + 7. Let f(j) = -p(j) + 3*v(j). Let s(b) = -4*f(b) - 5*g(b). Calculate s(-1).
-2
Let q(z) = -5 - z + 11 - 4 + 2. Calculate q(8).
-4
Let n(h) = h**2 + 6*h - 2. Suppose -2*y - 7 = -y. Let u be n(y). Let v(t) = 3 - t + u*t - 2*t. Give v(-5).
-7
Let p(o) = o**3 - 5*o**2 - 4*o - 8. Let z = 4 + -4. Suppose -2*h + 12 + 0 = z. What is p(h)?
4
Let k(z) be the first derivative of -z**3/3 + z**2/2 + z + 1. Let j be (-2)/9 - 29/(-9). Let s be 1 + 0/j - -2. What is k(s)?
-5
Let k(i) = 7 + 17*i - i**2 + 15*i - 33*i. Let m be (-5)/((2/(-2))/(-1)). Determine k(m).
-13
Let m be (-22)/(-3)*(-3)/(-2). Let l = 16 - m. Suppose l*j - 4 = 11. Let w(d) = -d**2 + 3*d - 4. Give w(j).
-4
Let k(v) = v + 2. Let y = -18 - -33. Suppose 0 = -0*h + 5*h - y. What is k(h)?
5
Let x(p) = -5*p - 16. Let b be x(-3). Let h(v) = 7*v + 8. Let a(t) = -7*t - 7. Let m(i) = -7*a(i) - 6*h(i). Calculate m(b).
-6
Let l(i) = -5*i - 26. Let k be l(-4). Let v(b) = -b**3 - 6*b**2 - b - 5. Calculate v(k).
1
Let x(g) = 4*g**2 + 3. Let a(d) = -1. Let y(m) = -2*a(m) - x(m). Suppose -5 = -2*f + 13. Let n be ((-6)/f)/(4/6). Calculate y(n).
-5
Let r(m) be the third derivative of -11*m**8/20160 + m**7/5040 + m**6/720 - m**5/60 + 4*m**2. Let i(y) be the third derivative of r(y). Determine i(-1).
-11
Let v(o) = o**2 - 6*o + 1. Let q = -57 + 62. Give v(q).
-4
Suppose -4*n = -2*f + f + 1, 5*n = 4*f + 7. Let x(j) be the second derivative of -j**5/5 + j**4/6 - j**2/2 + 6*j. Determine x(n).
5
Let a(b) = -b - 2. Let x = 3 + -4. Let z(n) = -1. Let t(p) = x*a(p) + z(p). What is t(-2)?
-1
Let a(q) = 4*q**2 - 22*q + 3. Let v be a(5). Let d(l) = -l**3 - 7*l**2 - l + 10. Calculate d(v).
17
Let r = 8 + -5. Let l(u) = 2*u + 3*u**r + 3*u**2 - 6*u**3 - 5*u**2 + 2*u**3 + 2. Calculate l(-2).
-2
Let v(w) = w**2 + 7*w - 1. Let x(s) = 2*s**2 + 13*s - 3. Let o(y) = -7*v(y) + 4*x(y). Suppose -2*t + 3*n - 2 = 0, 2*t + 8 + 8 = -4*n. What is o(t)?
-1
Suppose 3*j - 27 = -3*p, -p + 5*p + 6 = 2*j. Let k = -11 + j. Let f(n) = -3*n + 4*n - 2*n. What is f(k)?
4
Let f = -19 - -22. Let t(h) = -2*h**3 + 5*h**2 - h - 2. Give t(f).
-14
Let l be -10*(3/(-2))/(-3). Let s(v) = -16*v + 1. Let n(t) = 3*t. Let m(u) = 11*n(u) + 2*s(u). Give m(l).
-3
Let c(r) = -r**2 + 2*r + 1. Let l be c(3). Let x be -1*(l/(-1) - 3). Let b(a) = -a**3 + a**2 - 2*a + 1. Determine b(x).
-1
Let a(k) = k**2 + 1. Let v = 0 + 0. Let r = v + 2. Let o be r/(-11) + (-18)/22. Calculate a(o).
2
Let a be 1 - (4*2)/(-2). Let c(o) = -6*o**2 - 2*o + 12. Let i(d) = 7*d**2 + 3*d - 13. Let m(f) = 6*c(f) + 5*i(f). Give m(a).
-3
Let q(a) = a**2 - a - 1. Let r be 3 + 3 + -6 + -2. Let x be q(r). Let h(c) = c. Determine h(x).
5
Suppose -3*k - 3*z + 6*z + 60 = 0, 3*k - 84 = -3*z. Let d be 14/8 - (-6)/k. Let r(f) = -f - 1. Give r(d).
-3
Suppose 0 = 2*j - 10 - 0. Let y(n) = -6*n**2 - 2*n + 12. Let r(v) = 5*v**2 + v - 11. Let l(i) = -5*r(i) - 4*y(i). Give l(j).
-3
Let g(l) = 4*l**2 + 0*l**2 + 1 + 14*l + 13*l - 26*l. Give g(-2).
15
Let p(b) = 5*b**2 + 4*b + 1. Let c(r) = -9*r**2 - 7*r - 3. Let g(q) = -6*c(q) - 11*p(q). Let t(z) be the first derivative of g(z). Give t(-2).
2
Let w(o) = -o + 13. Suppose l - 12 = -2*j, 2*l = j + 3*l - 4. Give w(j).
5
Let p(j) = 2*j - 11. Suppose -y - 24 = -4*i, 1 = -i + 5*y + 7. What is p(i)?
1
Let p(f) = 2*f**2 - 11*f - 6. Let d(o) = -5*o**2 + 23*o + 11. Let r(g) = -3*d(g) - 7*p(g). Let i be -2 + (-4 - 0/3). Determine r(i).
-3
Let r(z) = 2*z - 7. Let x be r(5). Let s(v) = 0 + 4 + 6*v**2 + 0*v**x - 3 + v**3 - v. Give s(-6).
7
Let p(i) = 7*i - 1. Let y(k) = -10*k + 1. Let u be 6 - (-3)/(-6)*-2. Let j(z) = u*p(z) + 5*y(z). Suppose -5*m = 20 - 0. What is j(m)?
2
Let t be (-2)/(-6)*(-6 + 15). Let x(y) = -y**2 - 9*y + 9. Let h be x(-9). Suppose -h = -t*o - 3. Let d(q) = 3*q - 2. Calculate d(o).
4
Let o = 5 - -1. Suppose -g - o = -3*g. Suppose 3*m - 37 = -g*n - 2*n, -2*m = n - 13. Let w(l) = -2*l + 3. What is w(m)?
-5
Let w be (-2)/(-1)*2 - 5. Let t(p) be the third derivative of p**5/30 + p**4/12 + p**3/6 - p**2. What is t(w)?
1
Let y(g) = -g + 6. Let t be y(6). Suppose -o = -t - 2. Let s(h) = -5*h + 5*h + 2*h**2 + o*h - 3 - 3*h**2. Give s(3).
-6
Let h(c) = c - 1. Let k(i) = 3*i - 3. Let g(b) = 18*h(b) - 5*k(b). Let s = -1 - -3. Suppose 0*l = -s*l + 6. What is g(l)?
6
Let z(a) be the first derivative of -4*a**3/3 + a**2 - a + 9. Calculate z(1).
-3
Let m(l) = 12*l - 67. Let p be m(6). Let x(h) = -3*h + 7. Determine x(p).
-8
Suppose 0 = -i - 0*i, -2*i + 20 = 4*o. Let t(z) = 1 - z + o - 2*z - 1. Give t(4).
-7
Suppose 2*j - 15 = 4*j - 5*o, 0 = -o + 5. Suppose -40 = -5*x + 4*v - v, 0 = -3*x - 4*v - j. Let k(l) = -l**3 + 6*l**2 - 6*l - 1. Determine k(x).
-6
Let x(i) = i - 4. Let q be -2 + 0 + -2 + 5. Let y = q + 1. Suppose 0 = -3*h + o + 15, 3*h + y - 26 = 4*o. What is x(h)?
0
Suppose 2 = -2*t - 0*t. Let w(s) = -s**3 - s**2. Let z(q) = -2*q**3 + 4*q**2 + 1. Let g(h) = 4*w(h) + z(h). Determine g(t).
7
Let t(m) = -14*m**2 + 9*m**2 + 2 + 1 + m**3 - 3*m. What is t(5)?
-12
Let d(i) = -i**3 - 8*i**2 - 7*i - 2. Let g = -41 - -20. Let m be (3/9)/(1/g). Determine d(m).
-2
Let p(t) = 2*t**2 - 4*t + 1. Let b be 0/(2 + 3 + -4). Suppose -9*a + 5*a + 12 = b. Give p(a).
7
Suppose -x + 3*x - 4 = o, 3*o = 2*x. Let d be (-4)/(-7)*28/8. Let g(z) = 7*z - z**3 + 2*z**d - 3*z + 2*z - 3 - 2*z. What is g(x)?
0
Suppose 0 = 6*n + 13 + 29. Let t(g) = g**3 + 8*g**2 + 9*g + 8. What is t(n)?
-6
Let k(s) = -2*s + 7. Let u(c) = 13 + 10 - 24. Let z(a) = k(a) + u(a). Calculate z(6).
-6
Let v(x) be the second derivative of -x**5/20 - x**4/12 + x**2/2 - 2*x. Let r be v(-1). Let u(d) = 3 + r + 2*d - 3. Determine u(3).
7
Let b = -3 - -2. Let w(f) = f - 7. Let n be w(5). Let q(s) = -7*s**2 + 3*s + 2. Let p(g) = -15*g**2 + 7*g + 5. Let j(c) = n*p(c) + 5*q(c). What is j(b)?
-6
Let g = 17 + -27. Suppose -3*h + 2*b + 43 = 0, 9 = 2*h + b - 22. Let y = h + g. Let k(m) = m - 4. What is k(y)?
1
Let o(q) = 2*q + 6. Let i(z) = 3*z + 7. Let y(c) = 3*i(c) - 4*o(c). What is y(-5)?
-8
Let v(g) = -g - 5. Let n(l) be the first derivative of 5*l**2/2 + 2. Let t be n(-1). Calculate v(t).
0
Let w(b) be the second derivative of -b**4/12 - b**3/6 - b**2/2 - 41*b. Calculate w(-2).
-3
Let n(x) = x - 6. Let v(y) = -y + 7. Let p = 8 - 13. Let u = p + -1. Let d(k) = u*v(k) - 7*n(k). Calculate d(1).
-1
Let m be 100/24 + -5 + 1. Let v(z) be the third derivative of 0*z - m*z**3 - 1/6*z**4 + 1/60*z**5 + 0 + 3*z**2. Calculate v(4).
-1
Suppose -2*o = 3*i, -2*i + 5*i = 3*o - 15. Let v = 3 + 0. Let q(d) = -2*d**2 + 3 + 3*d**3 + d**o + 3*d - 6*d**v. Calculate q(-2).
5
Suppose 2*x - 2 = 3*i - 11, -x - 5 = -i. Let d(k) = 4*k - 2*k + 3*k + k**2. Give d(x).
6
Let a be 6*3/(36/16). Let c = a - 12. Let o(q) = -q**3 - 4*q**2 - 1. Determine o(c).
-1
Let u(m) = m**3 - 5*m**2 + 3*m - 6. Let s = -18 + 22. Give u(s).
-10
Let u be 2 + 1 + (-2)/2. Suppose 3*j - 4 = u. Let n(i) = 2*i - 1. Determine n(j).
3
Let y(p) = 17 + 93*p + 94*p - 186*p. Calculate y(-11).
6
Let j = 18 + -20. Let q(t) = 4*t - 1. Let k(p) = 5*p - 2. Let l be -2 + (-2)/2*2. Let g(w) = l*k(w) + 6*q(w). Give g(j).
-6
Let z(u) = 2*u - 3. Let y(b) be the third derivative of b**4/24 - b**3/3 - 3*b**2. Let c(w) = -5*y(w) + 3*z(w). Calculate c(-3).
-2
Let u(m) = m**3 + 4*m**2 - 7*m - 5. Let c(n) = 2*n - 13. Let q be c(4). Calculate u(q).
5
Let i(x) = 2*x - 1. Let a be 10/((-25)/(-5)) + 0. Calculate i(a).
3
Let m(q) = q**2 + 5*q + 6. Let p = 7 - 12. Calculate m(p).
6
Let m(q) = -6*q + 5*q - 6 - 2. Suppose -10 = 6*r - 4*r. Give m(r).
-3
Let o(r) be the second derivative of r**5/20 + r**4/4 - r**3/2 - r**2 + 8*r. Let p(u) = 3*u. Let s be p(-1). Determine o(s).
7
Let i(v) = -4*v**3 + 5*v**2 + 9*v + 6. Let t(w) = 2*w**3 - 2*w**2 - 4*w - 3. Let f(r) = 6*i(r) + 13*t(r). Give f(-3).
-27
Let d(r) = -3*r - 4 - r**2 + 0 + 2*r. Let z be (4 - -2) + -7 + 1 + 0. Determine d(z).
-4
Let d be 6/(-14) + 75/(-21). Let j(m) = m + 3. What is j(d)?
-1
Suppose t + 3*h = -3, 2*h + 30 = 4*t - 0. Let j(a) = -a**3 + 6*a**2 - 2*a + 5. Calculate j(t).
-7
Let j(h) = h. Let o(u) = 2*u. Let m(w) = 3*j(w) - o(w). Calculate m(5).
5
Let c(i) = i**3 +